).
-17
Let r(j) = j - 18. Calculate r(-24).
-42
Let w(h) = -2*h**3 + 7*h**2 + 5*h - 64. Give w(4).
-60
Let p(b) = -54*b + 37. What is p(5)?
-233
Let f(p) = -p**2 + 38*p - 193. What is f(13)?
132
Let y(u) = -23*u**2 + 7*u + 111. Give y(-2).
5
Let u(d) = -d**2 + 212*d + 1520. Give u(-7).
-13
Let f(q) = -9*q**3 + 2*q**2 + 39*q + 139. Determine f(-3).
283
Let s(v) = -v**2 - 372*v - 5361. What is s(-15)?
-6
Let j(l) = -2*l**3 + 27*l**2 + 2272*l - 33410. Determine j(15).
-5
Let j(c) = 4*c**2 + 62*c + 153. What is j(-9)?
-81
Let y(s) = s**2 - 22*s + 146. What is y(15)?
41
Let h(r) = r**2 - 17*r - 334. Give h(29).
14
Let t(m) = -m**3 + 12*m**2 + 85*m - 1167. Determine t(10).
-117
Let n(m) = 6*m + 91. Give n(-21).
-35
Let v(w) = w**3 - 33*w**2 - 37*w + 2254. Calculate v(32).
46
Let g(t) = -11*t**2 + 40*t - 175. Determine g(4).
-191
Let i(t) = -850*t + 22095. Give i(26).
-5
Let t(m) = 37*m + 692. What is t(-19)?
-11
Let a(i) = 3*i**2 + 241*i - 161. What is a(-81)?
1
Let t(u) = -3*u**3 + 85*u**2 + 79*u - 562. Determine t(29).
47
Let v(p) = -p**3 + 89*p**2 - 79*p - 810. Calculate v(88).
-18
Let g(j) = 5312*j - 122183. Determine g(23).
-7
Let d(q) = 12*q**2 - 1649*q + 719. Give d(137).
34
Let c(b) = -16*b - 642. Calculate c(-36).
-66
Let u(y) = -3*y**2 - 18*y + 8. Calculate u(-4).
32
Let h(n) = n**3 + 19*n**2 + 82*n + 120. Determine h(-17).
-696
Let r(d) = 283*d - 21516. Calculate r(76).
-8
Let w(b) = 4*b**2 + 30*b - 81. Give w(-11).
73
Let v(s) = 2*s**2 + 225*s - 323. Calculate v(-114).
19
Let f(p) = -4*p**3 - 14*p**2 - 8*p - 1. Determine f(-3).
5
Let p(m) = 11*m**2 - 1233*m + 99. Calculate p(112).
-13
Let w(m) = 2*m**2 - 7*m - 492. What is w(-14)?
-2
Let q(o) = 3*o**3 + 10*o**2 + 28*o - 7. What is q(-3)?
-82
Let o(g) = -2*g**3 - 186*g**2 + 185*g - 228. Give o(-94).
54
Let o(i) = 11*i**2 + 7*i - 6. Determine o(1).
12
Let q(f) = -5*f**2 - 383*f + 771. Determine q(2).
-15
Let k(j) = 24*j + 257. Determine k(-10).
17
Let a(b) = -2*b**2 - 264*b + 10899. Determine a(-165).
9
Let d(r) = -6*r**3 + 20*r**2 - 8*r + 100. Give d(4).
4
Let l(a) = -337*a - 34379. Calculate l(-102).
-5
Let h(n) = -n**3 + 7*n**2 - 29*n + 263. Calculate h(7).
60
Let g(b) = 671*b - 51. Determine g(-2).
-1393
Let x(p) = 6*p**2 + 9*p + 12. Give x(-3).
39
Let o(q) = q**2 + 56*q - 99. Determine o(-57).
-42
Let f(m) = -37*m**2 - 1108*m + 103. Calculate f(-30).
43
Let h(t) = -t**2 + 29*t + 74. What is h(31)?
12
Let x(s) = -4*s**2 - 9*s - 89. Give x(-8).
-273
Let h(n) = 13*n + 256. Give h(20).
516
Let c(i) = -189*i + 8513. Calculate c(45).
8
Let r(p) = -p**2 - 36*p + 956. Give r(-53).
55
Let d(w) = 2*w**2 - w + 123. Determine d(-10).
333
Let k(q) = 132*q + 719. Determine k(-6).
-73
Let c(y) = y**3 - 25*y**2 + 21*y + 51. Determine c(24).
-21
Let j(y) = 5*y**2 + 67*y - 50. What is j(-13)?
-76
Let i(g) = 13*g + 99. What is i(3)?
138
Let a(q) = -143*q**3 - q**2 + 2*q + 4. Calculate a(-1).
144
Let v(o) = 2*o**2 + o + 135. Determine v(0).
135
Let c(v) = v**3 - 7*v**2 - 343*v + 1031. What is c(3)?
-34
Let a(o) = -5*o - 12. Give a(-19).
83
Let k(v) = -3*v**2 + 31*v - 21. Give k(11).
-43
Let w(d) = -10*d**2 + 741*d - 73. Determine w(74).
1
Let o(p) = 3*p**3 + 20*p**2 - 32*p - 12. Give o(-8).
-12
Let j(m) = -37*m + 92. Determine j(5).
-93
Let p(b) = b**3 - b**2 - 14*b + 71. Determine p(4).
63
Let q(i) = i**3 + 5*i**2 + 125*i + 381. Calculate q(-3).
24
Let c(m) = 129*m + 1417. Give c(-11).
-2
Let g(p) = -14*p - 218. What is g(-3)?
-176
Let b(v) = -v**3 + 11*v**2 + 10*v - 48. Give b(10).
152
Let r(b) = 30*b**2 + 243*b - 24. What is r(-8)?
-48
Let c(f) = 4*f**3 - 2*f + 1. What is c(-2)?
-27
Let z(r) = -r**2 + 22*r + 4. What is z(19)?
61
Let i(y) = -y**3 - 64*y**2 + 15*y + 971. Give i(-64).
11
Let u(k) = 15*k**2 - 93*k + 174. Determine u(3).
30
Let m(k) = -k**3 - 2*k**2 + 2*k - 3. Calculate m(-4).
21
Let t(g) = 2*g**2 - 19*g + 17. Calculate t(0).
17
Let v(f) = -f**3 - 13*f**2 + 7*f - 20. Give v(-14).
78
Let u(z) = -71*z - 53. Determine u(5).
-408
Let u(j) = -169*j - 3051. Determine u(-18).
-9
Let v(u) = -u**3 + 35*u**2 - 65*u + 75. Give v(33).
108
Let m(y) = -y**3 + 6*y**2 - 3*y - 11. Determine m(4).
9
Let k(h) = -142*h + 7817. Give k(54).
149
Let p(i) = -2*i**3 + 241*i**2 + 367*i - 60. Calculate p(122).
62
Let j(w) = 3*w**2 + 44*w - 164. Calculate j(-18).
16
Let o(d) = 56*d**2 + 264*d - 433. Calculate o(-6).
-1
Let u(a) = -a**2 - 28*a + 459. Calculate u(-40).
-21
Let d(b) = -82*b - 295. Give d(-1).
-213
Let m(b) = 744*b + 2173. Give m(-3).
-59
Let a(j) = -j**2 + 154*j + 1665. Give a(-10).
25
Let b(k) = 234*k + 375. Calculate b(-2).
-93
Let s(n) = n**2 + 61*n - 24838. Determine s(130).
-8
Let c(b) = 15*b**2 - 123*b + 71. Calculate c(9).
179
Let s(q) = -q**3 - 5*q**2 - 33*q - 266. What is s(-6)?
-32
Let b(l) = 2*l**2 - 32*l - 130. Determine b(-4).
30
Let q(p) = p**3 + 8*p**2 + 9*p - 10. What is q(-3)?
8
Let u(m) = 2*m**2 + m - 42. Give u(6).
36
Let k(c) = -c**3 - 21*c**2 + 101*c + 21. Give k(-25).
-4
Let c(n) = -45*n + 100. Give c(3).
-35
Let v(l) = -12*l + 178. What is v(20)?
-62
Let c(x) = -x**3 - 86*x**2 + 27*x - 5200. What is c(-87)?
20
Let b(g) = 65*g + 1945. Determine b(-30).
-5
Let s(a) = -3*a**3 - 8*a**2 + 2*a + 12. Give s(-3).
15
Let a(j) = 6*j**2 - 3*j - 3. Give a(1).
0
Let o(h) = -8*h - 615. Give o(-78).
9
Let g(w) = -w**2 + 156*w - 3399. Give g(130).
-19
Let k(y) = -3*y**2 - 86*y + 125. Calculate k(-30).
5
Let t(n) = n**2 + 417*n - 6513. Give t(15).
-33
Let o(v) = 4*v**2 - 49*v - 12904. Give o(-51).
-1
Let q(p) = 4*p**2 - 247*p + 1425. Give q(56).
137
Let r(j) = 2*j**3 - 24*j**2 + 14*j + 34. What is r(11)?
-54
Let j(g) = 228*g - 412. Give j(0).
-412
Let t(o) = -25*o - 728. What is t(-32)?
72
Let z(x) = -x**2 - 78*x + 400. What is z(5)?
-15
Let r(y) = 7*y - 14. Give r(-4).
-42
Let d(l) = -19*l**2 + 866*l - 36. What is d(46)?
-404
Let a(z) = -124*z + 8444. Determine a(68).
12
Let t(c) = c**2 + 24*c - 26. Determine t(-25).
-1
Let q(f) = f**3 - 264*f**2 - 1599*f - 5670. Calculate q(270).
0
Let w(j) = 4*j**2 - 183*j + 1068. What is w(39)?
15
Let q(m) = -213*m + 786. Give q(4).
-66
Let k(h) = -2*h**3 - 20*h**2 - 10*h - 146. What is k(-9)?
-218
Let x(b) = -18*b - 152. What is x(-8)?
-8
Let l(f) = -177*f + 1062. What is l(6)?
0
Let k(n) = -8*n - 77. What is k(0)?
-77
Let s(i) = 64*i - 569. What is s(6)?
-185
Let y(f) = -145*f - 4642. Determine y(-32).
-2
Let g(x) = 2*x**2 - x - 3. Give g(-3).
18
Let s(w) = w**3 + 57*w**2 + 684*w + 60. What is s(-17)?
-8
Let m(h) = 11*h**2 + 689*h - 690. Calculate m(1).
10
Let f(u) = -u**2 + 93*u - 1169. Calculate f(15).
1
Let p(t) = -t**3 + 4*t**2 + 63*t + 24. Calculate p(-6).
6
Let g(r) = 2*r**2 + 98*r - 358. Give g(-52).
-46
Let q(a) = -9*a - 165. Calculate q(-24).
51
Let z(h) = -h**2 - 92*h - 2119. What is z(-46)?
-3
Let o(m) = -m**3 + 30*m**2 - 87*m - 77. Calculate o(27).
-239
Let l(a) = 28*a**2 + 151*a + 150. Calculate l(-1).
27
Let g(q) = -2*q**2 - 104*q - 1321. Determine g(-30).
-1
Let j(g) = g**3 + 32*g**2 + 9*g + 166. Give j(-32).
-122
Let x(y) = -15*y**2 - 5*y + 14. Calculate x(2).
-56
Let f(j) = -2*j**3 + 40*j**2 - 19*j - 401. Determine f(19).
-40
Let n(h) = h**2 - 48*h - 4893. Calculate n(-50).
7
Let a(t) = t**3 + 60*t**2 + 5*t + 308. Determine a(-60).
8
Let k(v) = v**2 - 16*v + 7. Determine k(0).
7
Let a(r) = 102*r**2 + 508*r - 10. What is a(-5)?
0
Let r(l) = -33*l + 502. Give r(16).
-26
Let s(f) = 17*f**2 + 19*f + 2. What is s(-1)?
0
Let d(l) = l**3 - 8*l + 20. What is d(2)?
12
Let m(b) = -4*b**2 - b + 136. Calculate m(8).
-128
Let w(l) = -l**3 + 28*l**2 + 156*l - 5410. Give w(26).
-2
Let j(p) = -4*p**3 + 48*p**2 + 10*p - 8. Determine j(12).
112
Let d(r) = -51805*r + 362639. Calculate d(7).
4
Let f(v) = -6*v**3 - 16*v**2 - 17*v + 5. What is f(-6)?
827
Let t(r) = -11*r**2 - 140*r - 6. Determine t(-13).
-45
Let c(t) = -2*t**2 + 8*t + 18. Give c(0).
18
Let i(f) = 69*f**2 - 17*f + 7. Determine i(3).
577
Let m(f) = 23*f**3 - 33*f**2 + 1. What is m(2)?
53
Let o(v) = -v**3 - 48*v**2 - 204*v - 3114. Calculate o(-45).
-9
Let x(u) = 4*u**2 + 62*u - 37. Calculate x(-12).
-205
Let y(n) = 24*n - 54. What is y(0)?
-54
Let l(h) = 20*h + 498. Calculate l(-20).
98
Let k(z) = -13*z**2 + 101*z + 15. Calculate k(5).
195
Let d(q) = 3*q**2 - 8*q - 3. Calculate d(6).
57
Let v(b